9 and 9537992?
47
What is the greatest common divisor of 26 and 432075943?
13
Calculate the highest common factor of 447855 and 237629.
409
Calculate the highest common divisor of 19140 and 913690.
10
What is the greatest common divisor of 6689176 and 104?
104
Calculate the highest common divisor of 206766 and 4127382.
378
Calculate the highest common factor of 5967 and 659331.
9
What is the greatest common divisor of 23342548 and 36?
4
Calculate the greatest common divisor of 263 and 14137565.
263
Calculate the highest common divisor of 195 and 3263871.
39
Calculate the greatest common factor of 4128 and 1896644.
172
Calculate the greatest common divisor of 5985419 and 11.
11
What is the greatest common factor of 620888252 and 8?
4
What is the greatest common factor of 469 and 69661039?
469
Calculate the greatest common factor of 35052 and 2727960.
1524
What is the highest common divisor of 36472984 and 32?
8
What is the greatest common divisor of 5191662 and 7668?
426
What is the greatest common factor of 23187847 and 969?
323
What is the greatest common divisor of 5643575 and 4675?
425
What is the greatest common factor of 8023 and 206539?
71
What is the highest common divisor of 242559263 and 107?
107
What is the greatest common factor of 2822 and 4098955?
1411
What is the greatest common factor of 1824 and 84736200?
456
Calculate the highest common divisor of 10932 and 201846.
6
Calculate the highest common factor of 20936538 and 630.
126
What is the highest common factor of 62583787 and 7?
7
Calculate the highest common divisor of 1132 and 35966470.
566
Calculate the highest common factor of 820180 and 23960.
20
Calculate the highest common factor of 227870 and 655.
5
Calculate the highest common divisor of 6142596 and 9190.
1838
What is the highest common divisor of 88482061 and 3287?
173
Calculate the highest common factor of 2641964 and 38272.
1196
Calculate the greatest common divisor of 4368 and 6882288.
336
Calculate the greatest common divisor of 10 and 3032345710.
10
What is the greatest common factor of 14 and 377374?
2
Calculate the greatest common factor of 73911 and 228975.
213
Calculate the highest common factor of 47565 and 13465.
5
What is the greatest common factor of 32019345 and 4865?
695
What is the greatest common factor of 276747 and 10179?
87
What is the highest common divisor of 688 and 14990488?
344
What is the greatest common divisor of 9639 and 527121?
189
What is the greatest common factor of 2644040 and 9530685?
6745
What is the greatest common factor of 23334717 and 2033?
19
What is the highest common divisor of 2262 and 87102?
6
Calculate the highest common factor of 664961 and 2286097.
671
What is the highest common factor of 285075 and 11840?
5
What is the highest common factor of 1421 and 2387077?
203
Calculate the greatest common divisor of 456 and 177728496.
24
Calculate the highest common factor of 9949290 and 910.
130
Calculate the highest common factor of 34860 and 21965286.
3486
Calculate the highest common factor of 1207368 and 710842.
818
What is the highest common factor of 346430912 and 64?
64
Calculate the greatest common factor of 2674189 and 9373.
721
What is the greatest common factor of 18332601 and 2289?
2289
What is the highest common factor of 950661 and 22419?
477
What is the greatest common divisor of 972272010 and 77680?
9710
Calculate the highest common factor of 1789781 and 31152955.
13457
Calculate the greatest common factor of 2373 and 7720160.
791
What is the highest common factor of 17869554 and 2468?
1234
What is the highest common divisor of 6093 and 5308357?
677
What is the greatest common divisor of 1125 and 217535125?
125
Calculate the highest common factor of 71849769 and 3519.
1173
What is the highest common factor of 402 and 16020066?
6
Calculate the highest common factor of 597 and 142715437.
199
Calculate the greatest common factor of 13 and 3821590266.
13
What is the highest common factor of 15752 and 1544312?
88
What is the greatest common divisor of 24711195 and 71?
71
What is the highest common divisor of 1341390 and 597395?
3665
What is the greatest common divisor of 54 and 966186?
18
Calculate the highest common factor of 29 and 463196323.
29
What is the highest common factor of 889116 and 36?
12
Calculate the highest common factor of 3920 and 34150480.
560
Calculate the highest common factor of 121 and 131451.
1
What is the greatest common divisor of 7017705 and 28375?
1135
What is the highest common factor of 52996416 and 138?
138
What is the greatest common factor of 287160 and 5640?
120
What is the highest common factor of 9271 and 360299?
127
Calculate the highest common factor of 22320 and 569718.
558
Calculate the highest common divisor of 628 and 401576.
4
Calculate the greatest common factor of 827936 and 896.
32
Calculate the greatest common divisor of 12 and 85786422.
6
Calculate the highest common divisor of 21968882 and 13.
13
Calculate the greatest common factor of 52875 and 1739250.
1125
Calculate the highest common factor of 113861312 and 9344.
4672
What is the greatest common divisor of 159923670 and 45870?
4170
Calculate the highest common divisor of 211839 and 14357.
293
Calculate the highest common factor of 439 and 88343921.
439
What is the highest common divisor of 8433337 and 220?
11
What is the greatest common factor of 242779915 and 105?
35
Calculate the greatest common factor of 2873898 and 15678.
1206
Calculate the highest common factor of 90516635 and 935.
55
What is the highest common divisor of 255 and 7943055?
15
What is the highest common factor of 46 and 117137804?
46
What is the highest common factor of 18186 and 4838342?
866
Calculate the greatest common factor of 18297294 and 6288.
786
Calculate the highest common factor of 1018080 and 7187040.
10080
What is the highest common divisor of 46710 and 270810?
270
What is the greatest common factor of 255 and 4112835?
15
What is the highest common divisor of 6612151 and 364?
91
What is the highest common divisor of 5860192 and 944?
16
What is the greatest common divisor of 3190175 and 50?
25
Calculate the highest common factor of 4164018 and 72594.
654
What is the highest common factor of 13275048 and 2760?
552
Calculate the highest common factor of 237240256 and 13376.
704
Calculate the highest common divisor of 7200 and 1732100.
100
Calculate the greatest common factor of 1716584 and 15929.
937
Calculate the highest common factor of 110190400 and 244.
244
What is the greatest common divisor of 2680260 and 704?
44
Calculate the greatest common factor of 108650 and 1331095.
265
What is the greatest common divisor of 60988 and 249008?
316
What is the greatest common factor of 405 and 584235?
45
Calculate the greatest common factor of 1381518 and 23359.
3337
Calculate the highest common divisor of 20976761 and 13.
13
What is the highest common factor of 5625280 and 928?
32
What is the greatest common divisor of 4056 and 23040?
24
Calculate the highest common divisor of 30774294 and 1228.
614
What is the highest common factor of 73270490 and 500?
10
Calculate the highest common factor of 19 and 87655303.
19
Calculate the greatest common divisor of 33908 and 22106.
14
Calculate the greatest common factor of 6842 and 233354.
22
What is the highest common factor of 13748 and 260624?
28
Calculate the highest common factor of 11113299 and 2301.
177
Calculate the highest common factor of 335797 and 50463.
623
Calculate the greatest common divisor of 142730 and 18515.
35
Calculate the greatest common factor of 594 and 1105302.
66
What is the highest common factor of 6659 and 3367436323?
6659
What is the greatest common factor of 126 and 109702467?
63
What is the greatest common divisor of 70305 and 169205?
215
Calculate the highest common factor of 184184 and 9713.
11
What is the greatest common divisor of 18407 and 1234691?
79
What is the highest common factor of 1146708 and 799452?
1908
What is the greatest common factor of 15138 and 6951706?
1682
Calculate the highest common divisor of 8585 and 25857.
17
What is the greatest common divisor of 817106973 and 879?
879
Calculate the highest common factor of 504 and 11615768.
8
What is the highest common factor of 25678 and 145336?
74
What